{"id":785,"date":"2022-04-07T14:52:02","date_gmt":"2022-04-07T14:52:02","guid":{"rendered":"http:\/\/viilor.gddservices.ro\/?page_id=785"},"modified":"2026-04-08T09:49:55","modified_gmt":"2026-04-08T09:49:55","slug":"proiect-erasmus","status":"publish","type":"page","link":"https:\/\/colegiulviilor.ro\/?page_id=785","title":{"rendered":"Proiect ERASMUS &#8211; Anul \u0218colar 2021-2022"},"content":{"rendered":"\n<center>\n<table cellpadding=\"8\" border=\"0\">\n<tbody><tr><td><img decoding=\"async\" src=\"\/wp-content\/uploads\/2022\/04\/Logo-Digital-Director-1024x525-1.jpeg\" <=\"\" td=\"\" width=\"2000px\"><\/td><td>Dup\u0103 cum \u0219ti\u021bi, liceul nostru face parte dim proiectul Erasmus+, intitulat ,,Digital Director\u201d.\nMobilit\u0103\u021bile din cadrul proiectului au fost \u00eent\u00e2rziate din cauza pandemiei, dar \u00eencerc\u0103m s\u0103\nrecuper\u0103m. Acum o s\u0103pt\u0103m\u00e2n\u0103 a avut loc prima mobilitate, unde au participat exclusiv profesori,\npentru a ne organiza \u0219i a pune lucrurile la punct. V\u0103 prezint mai jos un scurt jurnal din perioada\nacestei mobilit\u0103\u021bi.\n<\/td><\/tr>\n<tr><td>\u00cen perioada 31 octombrie \u2013 06 noiembrie 2021 o echip\u0103 din partea Colegiului Economic\n\u201cViilor\u201d, format\u0103 din doamna Petrancu Adelaida \u2013 profesor de Filosofie, logic\u0103 argumentare \u0219i\ncomunicare \u0219i doamna Petrescu Adina \u2013 profesor de Limba \u0219i literatura rom\u00e2n\u0103, a participat la\nactivit\u0103\u021bile desf\u0103\u0219urate \u00een cadrul vizitei lucru organizat\u0103 de unitatea de \u00een\u0103\u021b\u0103m\u00e2nt ,,USKUDAR\nSEYH SAMIL MESLEKI VE TEKNIK ANADOLU LISESI\u201d, din Istanbul, Turcia, potrivit\nproiectului Erasmus+, 220-1-DE03-KA229-077197_4, ,,Digital Director\u201d<\/td><td><img decoding=\"async\" src=\"\/wp-content\/uploads\/2022\/04\/IMG-20211102-WA0021-768x1024-1.jpeg\" <=\"\" td=\"\">\n<\/td><\/tr>\n<\/tbody><\/table>\n<\/center>\n\n\n\n<h2 class=\"wp-block-heading\"><\/h2>\n\n\n\n<h2 class=\"wp-block-heading\">Erasmus+ este programul Uniunii Europene \u00een domeniile educa\u021bie, formare profesional\u0103, tineret \u0219i sport pentru perioada 2021-2027; acesta ofer\u0103 oportunit\u0103\u021bi de mobilitate \u0219i cooperare pentru to\u021bi actorii implica\u021bi activ \u00een domeniile men\u021bionate, fie ca persoane sau ca institu\u021bii\/organiza\u021bii.<br>Programul este un instrument-cheie care sprijin\u0103 \u00eendeplinirea obiectiveleor stabilite la nivel european prin Spa\u021biul european al educa\u021biei, Planul de ac\u021biune pentru educa\u021bia digital\u0103 (2021-2027), Strategia UE pentru tineret, Agenda pentru competen\u021be \u00een Europa \u0219i Planul de lucru al Uniunii Europene pentru sport.<br>Obiectivul general al programului Erasmus+ este de a sprijini dezvoltarea educa\u021bional\u0103, personal\u0103 \u0219i profesional\u0103 a persoanelor care \u00ee\u0219i desf\u0103\u0219oar\u0103 activitatea \u00een domeniile educa\u021bie, formare profesional\u0103, tineret \u0219i sport.<br>Tipuri de proiecte: Erasmus+ finan\u021beaz\u0103 proiecte de mobilitate a persoanelor \u00een scopul \u00eenv\u0103\u021b\u0103rii \u0219i proiecte de cooperare \u00eentre organiza\u021bii \u0219i institu\u021bii. De asemenea, programul ofer\u0103 sprijin pentru cooperare \u00een domeniul politicilor la nivelul UE.<br>Priorit\u0103\u021bile generale pentru perioada 2021-2027 sunt includerea \u0219i diversitatea, transformarea digital\u0103, mediul \u0219i combaterea schimb\u0103rilor climatice \u0219i, \u00een cazul sectorului de tineret, participarea la via\u021ba democratic\u0103.<br>Bugetul total pentru perioada 2021-2027 este de 26 de miliarde de Euro, aproape dublu fa\u021b\u0103 de perioada precedent\u0103, 2014-2020. 70% din buget va sprijini oportunit\u0103\u021bile de mobilitate, iar 30% va fi investit \u00een proiecte de cooperare \u0219i \u00een activit\u0103\u021bi de elaborare a politicilor.<br>Bugetul Rom\u00e2niei \u00een 2021 este de aproximativ 90 de milioane de Euro.<\/h2>\n\n\n\n<h2 class=\"wp-block-heading\">Digital Director<br>Scoli participante:<br>IGS Busecker Tal \u2013 Germania<br>Uskudar SEYH SAMIL Mesleki ve Teknik Anadolu Lisesi \u2013 Turcia<br>Institut Aiguaviva \u2013 Spania<br>Colegiul Economic \u201cViilor\u201d \u2013 Rom\u00e2nia<br>Secondary School Centar za odgoj i obrazovanje \u2013 Croa\u021bia<br>Scopul primei \u00eent\u00e2lniri din cadrul protectului ERASMUS+ \u201cDigital Director\u201d \u2013 Instambul , Turcia<br>Aceast\u0103 vizit\u0103 a urm\u0103rit cunoa\u0219terea specificului si a modului de lucru din unita\u021bile \u0219colare participante, schimbul de bune practici, participarea la workshop-uri referitoare la realizarea unui film \u00een mod profesionist.<br>De asemenea, au fost discutate probleme sociale de actualitate, cum ar fi bullying-ul, egalitatea de gen, rolul educa\u021biei in reducerea inechit\u0103\u021bilor sociale.<br>Proiectul Erasmus+ \u201cDigital Director\u201d<br>Mobilitate \u2013 31 octombrie \u2013 06 noiembrie 2021 , Instambul , Turcia<br>\u201cUSKUDAR SEYH SAMIL MESLEKI VE TEKNIK ANADOLU LISESI\u201d<\/h2>\n\n\n\n<h2 class=\"wp-block-heading\">Echipa Colegiul Economic \u201cViilor\u201d, Bucure\u0219ti:<br>Petrancu Adelaida \u2013 profesor de Filosofie, logica , argumentare si comunicare<br>Petrescu Adina \u2013 profesor de Limba \u0219i literatura rom\u00e2n\u0103.<\/h2>\n\n\n\n<h2 class=\"wp-block-heading\">Obiectivele proiectului<br>1.Dezvoltarea aptitudinilor de a realiza filme;<br>2.Cre\u0219terea capacit\u0103\u021bii de a g\u00e2ndi critic \u0219i a creativit\u0103\u021bii;<br>3.Dezvoltarea aptitudinilor de comunicare interpresonal\u0103;<br>4.Con\u0219tientizarea de c\u0103tre elevi a problemelor sociale;<br>5.Observarea diferen\u021belor \u0219i a asem\u0103n\u0103rilor dintre alte culturi;<br>6.\u00cembun\u0103t\u0103\u021birea nivelului limbii engleze \u00een r\u00e2ndul elevilor;<br>7.Promovarea g\u00e2ndirii interdisciplinare.<\/h2>\n\n\n\n<h2 class=\"wp-block-heading\">Programul vizitei de studiu:<br>Aceast\u0103 vizit\u0103 a avut scopul de a dezvolta abilit\u0103\u021bile digitale ale profesorilor, de a cunoa\u0219te specificul<br>\u0219i modul de lucru din unit\u0103\u021bile \u0219colare participante, de a face schimb de bune practici, de a participa<br>la workshop-uri referitoare la realizarea unui film \u00een mod profesionist, de a participa la dezbateri \u0219i<br>discu\u021bii privind problemele sociale comune.<br>31 octombrie 2021<br> Sosirea echipelor participante (Rom\u00e2nia, Germania, Croa\u021bia; echipa din Spania a<br>parrticipat online).<br>01 noiembrie 2021<br> Deschiderea oficial\u0103 a vizitei de lucru (\u00eent\u00e2lnire cu profesorii participan\u021bi la proiect \u0219i<br>cu directorul unit\u0103\u021bii de \u00eenv\u0103\u021b\u0103m\u00e2nt gazd\u0103);<br> Turul liceului \u00een care s-au desf\u0103\u0219urat activit\u0103\u021bile (cunoa\u0219terea programelor de studiu,<br>a bazei materiale \u0219i tehnologice, prezentarea culturii organiza\u021bionale);<br> Prezentarea, de c\u0103tre fiecare echip\u0103 participant\u0103, a unit\u0103\u021bii \u0219colare din care provine, a<br>ora\u0219ului \u0219i a \u021b\u0103rii; discu\u021bii despre asem\u0103n\u0103rile \u0219i deosebirile dintre sistemele de educa\u021bie specifice<br>fiec\u0103rei \u021b\u0103ri participante;<br> Vizionarea filmului turcesc ,,Mucize\u201d, \u00een care sunt prezentate diferite situa\u021bii de via\u021b\u0103<br>comune sau diferite pentru \u021b\u0103rile participante. De asemenea, sunt prezentate probleme sociale de<br>actualitate \u0219i de interes, cum ar fi inegalit\u0103\u021bile sociale, bullying-ul, dar \u0219i importan\u021ba educa\u021biei;<br>\uf0b7 Cin\u0103 de bun venit.<br>02 noiembrie 2021<br> Vizit\u0103 cultural\u0103 \u00een Istanbul &#8211; Cu scopul de a descoperi locuri potrivite pentru filmarea<br>unui film scurt despre probleme sociale de interes, dar \u0219i pentru a cunoa\u0219te cultura \u0219i<br>civiliza\u021bia turc\u0103, unitatea de \u00eenv\u0103\u021b\u0103m\u00e2nt din Turcia a organizat o vizit\u0103 cultural\u0103 \u00een<br>Istanbul, in care echipele participante au putut vizita palatul Topkap\u00ee, Hagia Sophia<br>sau Bazarul de Mirodenii.<br>03 noiembrie 2021<br> Workshop despre realizarea profesionist\u0103 a unui film &#8211; Acest atelier a fost sus\u021binut de<br>unul dintre profesorii din liceul gazd\u0103. Au fost prezentate etapele realiz\u0103rii unui film,<br>precum \u0219i diferite metode \u0219i procedee de realizare a unui film;<br> Asisten\u021b\u0103 la ore &#8211; Echipele din Rom\u00e2nia, Germania, Croa\u021bia \u0219i Spania au participat,<br>\u00een calitate de invita\u021bi, la o or\u0103 de limba englez\u0103, o or\u0103 de informatic\u0103 \u0219i la o or\u0103 de<br>desen. Apoi, fiecare participant a discutat \u0219i a evaluat orele la care a asistat.<br>04 noiembrie 2021<br> Schimb de bune practici, privind utilizarea mijloacelor TIC \u0219i a realiz\u0103rii de filme<br>\u00een procesul de \u00eenv\u0103\u021b\u0103m\u00e2nt &#8211; Fiecare echip\u0103 participant\u0103 a prezentat diferite metode<br>de implementare a mijloacelor TIC \u0219i de utilizare a filmelor \u00een procesul de<br>\u00eenv\u0103\u021b\u0103m\u00e2nt. De asemenea, s-a discutat despre avantajele \u0219i dezavantajele utiliz\u0103rii<br>acestora;<br> Dezbateri \u0219i discu\u021bii referitoare la problemele sociale comune \u0219i particulare fiec\u0103rei<br>\u021b\u0103ri participante &#8211; Au fost puse \u00een discu\u021bie \u0219i dezb\u0103tute teme precum: democra\u021bia,<br>egalitatea de gen, rela\u021biile pe care le experimenteaz\u0103 adolescen\u021bii din zilele noastre<br>sau felul \u00een care Uniunea European\u0103 ne une\u0219te, \u00een ciuda diferen\u021belor culturale.<br>05 noiembrie 2021<br> Discu\u021bii referitoare la atribu\u021biile fiec\u0103rei echipe participant\u0103 la proiect &#8211; Pe l\u00e2ng\u0103<br>atribu\u021biile pe care va trebui s\u0103 le \u00eendeplineasc\u0103 fiecare \u021bar\u0103, echipa din Rom\u00e2nia<br>se va ocupa de colectarea activit\u0103\u021bilor privind diseminarea proiectului. De<br>asemenea, doamna profesor Petrancu Adelaida \u00eel va asista pe domnul profesor<br>Torsten Piske (coordonatorul proiectului) \u00een realizarea raportului final;<br> A fost programat\u0103 urm\u0103toarea mobilitate, care va avea loc \u00een Spania, \u00een perioada<br>27.03-05.04.2021. Au fost stabilite temele pe care le vor utiliza elevii pentru a<br>realiza filme scurte \u00een urm\u0103toarele mobilit\u0103\u021bi;<br>Au fost completate chestionarele de evaluare a mobilit\u0103\u021bii din Turcia;<br> Vizit\u0103 la \u00c7aml\u0131ca Tower, care are o \u00een\u0103l\u021bime de 369 metri.<br>06 oiembrie 2021<br> Revenirea \u00een \u021bar\u0103 a echipelor participante la mobilitatea din Turcia.<br>Propuneri de valorificare a rezultatelor, strategii de diseminare<br>Echipa de proiect \u00ee\u0219i propune urm\u0103toarele tipuri de activit\u0103\u021bi pentru valorificarea rezultatelor<br>activit\u0103\u021bilor:<\/h2>\n\n\n\n<ol class=\"wp-block-list\">\n<li>Diseminarea particip\u0103rii la vizita de lucru \u00een Consiliul Profesoral.<br>Termen: noiembrie 2021<\/li>\n\n\n\n<li>Diseminarea particip\u0103rii la vizita de lucru \u00een cadrul Clubului Media ,,Viilor\u201d.<br>Termen: noiembrie 2021<\/li>\n\n\n\n<li>Diseminarea particip\u0103rii la vizita de lucru pe pagina de Facebook a liceului.<br>Termen: noiembrie 2021<\/li>\n\n\n\n<li>Diseminarea particip\u0103rii la vizita de lucru pe site-ul liceului.<br>Termen: noiembrie 2021<\/li>\n\n\n\n<li>Seminar adresat elevilor: \u201dCum realiz\u0103m un film scurt?\u201d.<br>Termen: semestrul I, an \u0219colar 2021-2022<br><\/li>\n\n\n\n<li>Ini\u021bierea unui parteneriat cu cel pu\u021bin unul din partenerii actuali \u00een derularea altor programe<br>Erasmus +.<br>Termen: an \u0219colar 2022-2023.<br>Activit\u0103\u021bile realizate vor fi urm\u0103rite cu ajutorul unei Fi\u0219e de monitorizare.<br>Se va urm\u0103ri gradul de participare la activit\u0103\u021bi.<br>Participan\u021bii la activit\u0103\u021bi\/seminarii vor completa Chestionare de satisfac\u021bie.<br>Probabil c\u0103 nu ne ve\u021bi crede (glumesc!), drept care vom ata\u0219a \u0219i ni\u0219te fotografii. Enjoy!<\/li>\n<\/ol>\n\n\n\n<h2 class=\"wp-block-heading\">\u00cen perioada 27.03-02.04.2022 o echip\u0103 din partea Colegiului Economic ,,Viilor\u201d, format\u0103 din doamna Petrancu Adelaida, profesor de filosofie, logic\u0103, argumentare \u0219i comunicare, doamna Popescu Oana, profesor de limba englez\u0103 \u0219i elevii Botez Andreea (clasa a X-a A), P\u0103un Vlad (clasa a X-a A), Bozocea Denisa (clasa a X-a I), Voicu Adrian (clasa a XI-a F) \u0219i Radu Giani (clasa a XII-a B) a participat la activit\u0103\u021bile desf\u0103\u0219urate \u00een cadrul vizitei de studiu, organizat\u0103 de Institut Aiguaviva, din localitatea Mollet del Valles, Spania, \u00een cadrul proiectului Erasmus+ ,,Digital Director\u201d, 220-1-DE03-KA229-077197_4.<\/h2>\n\n\n\n<h2 class=\"wp-block-heading\">&nbsp;Aceast\u0103 prim\u0103 mobilitate la care au participat \u0219i elevii din cadrul Colegiului Economic ,,Viilor\u201d a avut ca scop realizarea de c\u0103tre ace\u0219tia a unui film scurt, av\u00e2nd ca tem\u0103 inegalit\u0103\u021bile de gen. \u00cen acest sens, elevii no\u0219tri au prezentat fimul ,,Tot o lume a barba\u021bilor\u201d\/,,Still a Men\u2019s World\u201d. De asemenea, elevii din celelate \u021b\u0103ri participante \u0219i-au prezentat filmele pe care le-au realizat referitor la tema dat\u0103, iar aceast\u0103 activitate s-a finalizat cu discu\u021bii referitoare la asem\u0103n\u0103rile \u0219i deosebirile privind inegalit\u0103\u021bile de gen care exist\u0103 \u00een \u021b\u0103rile care iau parte la proiectul ,,Digital Director\u201d.<\/h2>\n\n\n\n<h2 class=\"wp-block-heading\">Institu\u021bia \u0219colar\u0103 organizatoare a realizat un tur al ora\u0219ului Mollet del Valles, pentru a prezenta, at\u00e2t elevilor, c\u00e2t \u0219i profesorilor participan\u021bi, locurile \u00een care elevii din Spania au filmat propriul lor film.<\/h2>\n\n\n\n<h2 class=\"wp-block-heading\">De asemenea, to\u021bi elevii \u0219i profesorii participan\u021bi la aceast\u0103 mobilitate au fost invita\u021bi la Prim\u0103ria ora\u0219ului Mollet del Valles, unde au fost primi\u021bi de c\u0103tre consilierul general. Acesta a vorbit despre importan\u021ba implement\u0103rii proiectelor Erasmus+. \u00cen cadrul acestei activit\u0103\u021bi, elevii Bozocea Denisa \u0219i Radu Giani au acordat interviuri, care au fost difuzate la televiziunea local\u0103. De asemenea, acest eveniment a fost prezentat \u0219i \u00een presa local\u0103, \u00een ziarul ,,somMollet\u201d.<\/h2>\n\n\n\n<h2 class=\"wp-block-heading\">Pe de alt\u0103 parte, profesorii iplica\u021bi \u00een proiectul ,,Digital Director\u201d de la Institut Aiguaviva au organizat, pentru to\u021bi participan\u021bii la mobilitate, tururi ghidate \u00een Barcelona, pentru a descoperi locuri potrivite pentru a realiza un film sau locuri unde a fost deja realizat un film, printre care putem enumera: cartierul Gotic, (unde a fost filmat filmul ,,The Perfume\u201d), Catedrala Gotic\u0103, La Boqueria, Basilica del Mar, Casa Batlllo, La Pedrera, Parc Guell, Sagrada Familia, Spitalul Sant Pau. Nu \u00een ultimul r\u00e2nd, trebuie amintit\u0103 excursia in localitatea Sitges, unde, at\u00e2t elevii c\u00e2t si profesorii participan\u021bi au putut afla detalii despre organizarea \u0219i desf\u0103\u0219urarea Festivalului Interna\u021bional de Filme Fantastice.<\/h2>\n\n\n\n<h2 class=\"wp-block-heading\">De asemenea, to\u021bi elevii participan\u021bi la aceast\u0103 mobilitate au aflat despre modalitatea \u00een care se desf\u0103\u0219oar\u0103 sistemul educa\u021bional din Spnia, \u00een timp ce profesorii au participat la un workshop referitor la strategiile actorice\u0219ti care ar putea fi folosite \u00een cadrul acestui proiect.<\/h2>\n\n\n\n<h2 class=\"wp-block-heading\">Iat\u0103 ce spun elevii no\u0219tri referitor la aceast\u0103 mobilitate:<\/h2>\n\n\n\n<h2 class=\"wp-block-heading\">,,Mie mi-a pl\u0103cut faptul c\u0103 am avut ocazia s\u0103 zbor peste multe \u021b\u0103ri \u0219i s\u0103 cunosc oameni noi. Sunt foarte \u00eenc\u00e2ntat c\u0103 amintirile mele din Spania au un contur anume. Sunt altceva. Am cunocut numai oameni minuna\u021bi. Aceast\u0103 amintire din Spania va fi de neuitat pentru mine. Filmele tuturor \u021b\u0103rilor participante au fost excep\u021bionale.\u201d (Voicu Adi, 11F)<\/h2>\n\n\n\n<h2 class=\"wp-block-heading\">,,Salut! Experien\u021ba din Spania a fost mult mai mult dec\u00e2t m\u0103 a\u0219teptam. Am itnt\u00e2lnit persoane noi \u0219i am aflat c\u00e2te ceva din cultura fiec\u0103rei \u021b\u0103ri participante. De asemenea, am aflat noi perspective referitoare la modul &nbsp;de a tr\u0103i \u0219i de a g\u00e2ndi \u0219i am putut s\u0103 ma apropii at\u00e2t de colegii mei de liceu, c\u00e2t \u0219i de profesoarele coordonatoare. Sunt m\u00e2ndr\u0103 s\u0103 am astfel de persoane \u00een liceu \u0219i s\u0103 \u0219tiu c\u0103 \u00een liceul nostru se pot forma prietenii \u0219i amintiri pe care nu le voi uita. M-am \u00eemt\u00e2lnit cu mul\u021bi copii spanioli, germani, turci \u0219i croa\u021bi cu care am creat multe amintiri de neuitat.\u201d (Bozocea Denisa, 10 I)<\/h2>\n\n\n\n<h2 class=\"wp-block-heading\">,,Spania este un loc de neuitat. Am tr\u0103it nenum\u0103rate pove\u0219ti amuzante, interesante \u0219i distractive alaturi de colegi \u0219i bine\u00een\u021beles, al\u0103turi de copiii din celelalte \u021b\u0103ri. (Botez Andreea, 10 A).<\/h2>\n\n\n\n<h2 class=\"wp-block-heading\">,,A fost pentru prima dat\u0103 c\u00e2nd am plecat din \u021bar\u0103. A fost pentru prima dat\u0103 cand am zburat cu avionul, \u0219i pot spune c\u0103 am fost \u00eenc\u00e2ntat. Am \u00eent\u00e2lnit elevi din Spania, Germania, Turcia \u0219i Croa\u021bia. To\u021bi au fost extraordinari \u0219i am realizat schimburi interculturale foarte interesante.\u201d (Radu Giani, 12 B).<\/h2>\n\n\n\n<h2 class=\"wp-block-heading\">,,Eu sunt un pic timid \u0219i, trebuie s\u0103 recunosc faptul c\u0103 mi-a fost un pic team\u0103 s\u0103 interac\u021bionez cu elevi \u0219i cu profesori din alte \u021b\u0103ri. La un moment dat, chiar aveam impresia c\u0103 numai \u0219tiu s\u0103 vorbesc englez\u0103. Dar, toate aceste temeri au \u021binut p\u00e2n\u0103 am ajuns \u00een Spania. Atunci c\u00e2nd am \u00eent\u00e2lnit aceast\u0103 comunitate de oameni minuna\u021bi care participau la proiectul ,,Digital Director\u201d, mi-am dat seama c\u0103 to\u021bi suntem la fel \u0219i c\u0103 to\u021bi facem parte din Uniunea European\u0103. (P\u0103un Vlad, 10A).<\/h2>\n","protected":false},"excerpt":{"rendered":"<p><a class=\"more-link\" href=\"https:\/\/colegiulviilor.ro\/?page_id=785\">Read More &rarr;<\/a><\/p>\n","protected":false},"author":3,"featured_media":0,"parent":0,"menu_order":0,"comment_status":"closed","ping_status":"closed","template":"","meta":{"footnotes":""},"class_list":["entry","author-vlad-cristescu","post-785","page","type-page","status-publish"],"_links":{"self":[{"href":"https:\/\/colegiulviilor.ro\/index.php?rest_route=\/wp\/v2\/pages\/785","targetHints":{"allow":["GET"]}}],"collection":[{"href":"https:\/\/colegiulviilor.ro\/index.php?rest_route=\/wp\/v2\/pages"}],"about":[{"href":"https:\/\/colegiulviilor.ro\/index.php?rest_route=\/wp\/v2\/types\/page"}],"author":[{"embeddable":true,"href":"https:\/\/colegiulviilor.ro\/index.php?rest_route=\/wp\/v2\/users\/3"}],"replies":[{"embeddable":true,"href":"https:\/\/colegiulviilor.ro\/index.php?rest_route=%2Fwp%2Fv2%2Fcomments&post=785"}],"version-history":[{"count":22,"href":"https:\/\/colegiulviilor.ro\/index.php?rest_route=\/wp\/v2\/pages\/785\/revisions"}],"predecessor-version":[{"id":2531,"href":"https:\/\/colegiulviilor.ro\/index.php?rest_route=\/wp\/v2\/pages\/785\/revisions\/2531"}],"wp:attachment":[{"href":"https:\/\/colegiulviilor.ro\/index.php?rest_route=%2Fwp%2Fv2%2Fmedia&parent=785"}],"curies":[{"name":"wp","href":"https:\/\/api.w.org\/{rel}","templated":true}]}}