{"id":1319,"date":"2022-07-13T11:14:43","date_gmt":"2022-07-13T11:14:43","guid":{"rendered":"http:\/\/colegiulviilor.ro\/?page_id=1319"},"modified":"2024-06-27T13:20:56","modified_gmt":"2024-06-27T13:20:56","slug":"program-inscriere-liceu-acte-necesare","status":"publish","type":"page","link":"https:\/\/colegiulviilor.ro\/?page_id=1319","title":{"rendered":"Program \u00eenscriere liceu si acte necesare"},"content":{"rendered":"\n<h2 class=\"wp-block-heading has-text-align-center\"><strong>PROGRAM<br>\u00ceNSCRIERE CANDIDA\u021aI \u00ceN \u00ceNV\u0102\u021a\u0102M\u00c2NTUL PROFESIONAL<br>PENTRU ANUL \u0218COLAR 2024 \u2013 2025 <br>PERIOADA 1-5 IULIE 2024<\/strong><\/h2>\n\n\n\n<figure class=\"wp-block-table\"><table><tbody><tr><td class=\"has-text-align-center\" data-align=\"center\">Ziua<\/td><td class=\"has-text-align-center\" data-align=\"center\">Data<\/td><td class=\"has-text-align-center\" data-align=\"center\">Ora<\/td><\/tr><tr><td class=\"has-text-align-center\" data-align=\"center\">Luni<\/td><td class=\"has-text-align-center\" data-align=\"center\">01.07.2024<\/td><td class=\"has-text-align-center\" data-align=\"center\">15-18<\/td><\/tr><tr><td class=\"has-text-align-center\" data-align=\"center\">Marti<\/td><td class=\"has-text-align-center\" data-align=\"center\">02.07.2024<\/td><td class=\"has-text-align-center\" data-align=\"center\">15-18<\/td><\/tr><tr><td class=\"has-text-align-center\" data-align=\"center\">Miercuri<\/td><td class=\"has-text-align-center\" data-align=\"center\">03.07.2024<\/td><td class=\"has-text-align-center\" data-align=\"center\">09 \u2013 16<\/td><\/tr><tr><td class=\"has-text-align-center\" data-align=\"center\">Joi<\/td><td class=\"has-text-align-center\" data-align=\"center\">04.07.2024<\/td><td class=\"has-text-align-center\" data-align=\"center\">15 \u2013 18<\/td><\/tr><tr><td class=\"has-text-align-center\" data-align=\"center\">Vineri<\/td><td class=\"has-text-align-center\" data-align=\"center\">05.07.2024<\/td><td class=\"has-text-align-center\" data-align=\"center\">09 &#8211; 11<\/td><\/tr><\/tbody><\/table><\/figure>\n\n\n\n<h2> <center> <strong> ADMITERE\nAN SCOLAR 2023 \u2013 2024 <br>\nCLASA a IX-a <br>\nLICEU SI SCOALA PROFESIONALA\n<\/strong> <\/center><\/h2>\n<br>\n\n\n\n<a href=\"\/wp-content\/uploads\/2023\/07\/cerere-de-inscriere.doc\">Cerere de inscriere<\/a> <br>\n<a href=\"\/wp-content\/uploads\/2023\/07\/acte-necerase-inscriere-liceu.doc\"> Acte necesare<\/a> <br>\n<a href=\"\/wp-content\/uploads\/2023\/07\/PROGRAM-INSCRIERI-ADMITERE.docx\"> Program inscrieri admitere<\/a> <br>\n\n\n\n<figure class=\"wp-block-table\"><table><tbody><tr><td class=\"has-text-align-center\" data-align=\"center\">FILIERA\/PROFIL\/<br>DOMENIU PREGATIRII DE BAZA\/SPECIALIZARE<\/td><td class=\"has-text-align-center\" data-align=\"center\">Numar clase<\/td><td class=\"has-text-align-center\" data-align=\"center\">Numar total locuri<br><\/td><td class=\"has-text-align-center\" data-align=\"center\">Numar locuri pentru elevi rromi<\/td><td class=\"has-text-align-center\" data-align=\"center\">Nr locuri pentru elevii cu CES<\/td><td class=\"has-text-align-center\" data-align=\"center\">Media ultimului admis<\/td><td class=\"has-text-align-center\" data-align=\"center\">Codificare<\/td><td class=\"has-text-align-center\" data-align=\"center\">Observatii<\/td><\/tr><tr><td class=\"has-text-align-center\" data-align=\"center\"><strong>Colegiul Economic &#8220;Viilor&#8221;<\/strong><\/td><td class=\"has-text-align-center\" data-align=\"center\">16<\/td><td class=\"has-text-align-center\" data-align=\"center\">384<\/td><td class=\"has-text-align-center\" data-align=\"center\">32<\/td><td class=\"has-text-align-center\" data-align=\"center\">10<\/td><td class=\"has-text-align-center\" data-align=\"center\"><\/td><td class=\"has-text-align-center\" data-align=\"center\"><\/td><td class=\"has-text-align-center\" data-align=\"center\"><\/td><\/tr><tr><td class=\"has-text-align-center\" data-align=\"center\">Filiera tehnologica &#8211;<strong>Servicii-<\/strong><br>Turism si Alimentatie<\/td><td class=\"has-text-align-center\" data-align=\"center\">9<\/td><td class=\"has-text-align-center\" data-align=\"center\">216<\/td><td class=\"has-text-align-center\" data-align=\"center\">18<\/td><td class=\"has-text-align-center\" data-align=\"center\">5<\/td><td class=\"has-text-align-center\" data-align=\"center\">6.50<\/td><td class=\"has-text-align-center\" data-align=\"center\">362<\/td><td class=\"has-text-align-center\" data-align=\"center\">3 tehnician in turism (1 intensiv engleza), 3 tehnician in gastronomie, 3 organizator banqueting<\/td><\/tr><tr><td class=\"has-text-align-center\" data-align=\"center\">Filiera tehnologica &#8211;<strong>Servicii-<\/strong><br>Economic<\/td><td class=\"has-text-align-center\" data-align=\"center\">5<\/td><td class=\"has-text-align-center\" data-align=\"center\">120<\/td><td class=\"has-text-align-center\" data-align=\"center\">10<\/td><td class=\"has-text-align-center\" data-align=\"center\">3<\/td><td class=\"has-text-align-center\" data-align=\"center\">6.90<\/td><td class=\"has-text-align-center\" data-align=\"center\">363<\/td><td class=\"has-text-align-center\" data-align=\"center\">Tehnician in activitati economice (1 intensiv engleza)<\/td><\/tr><tr><td class=\"has-text-align-center\" data-align=\"center\">Filiera tehnologica &#8211;<strong>Servicii-<\/strong><br>Comert<\/td><td class=\"has-text-align-center\" data-align=\"center\">2<\/td><td class=\"has-text-align-center\" data-align=\"center\">48<\/td><td class=\"has-text-align-center\" data-align=\"center\">4<\/td><td class=\"has-text-align-center\" data-align=\"center\">2<\/td><td class=\"has-text-align-center\" data-align=\"center\">6.21<\/td><td class=\"has-text-align-center\" data-align=\"center\">364<\/td><td class=\"has-text-align-center\" data-align=\"center\">1 tehnician in activitati de comert, 1 tehnician in achizitii si contractari<\/td><\/tr><\/tbody><\/table><figcaption class=\"wp-element-caption\">Coduri admitere liceu<\/figcaption><\/figure>\n\n\n\n<figure class=\"wp-block-table alignfull\"><table><tbody><tr><td class=\"has-text-align-center\" data-align=\"center\">Unitate de invatamant<br><\/td><td>Adresa<\/td><td>Numar de telefon<\/td><td>Domeniul<\/td><td>Calificare profesionala<\/td><td>Codificare<\/td><td>Numar clase<\/td><td class=\"has-text-align-center\" data-align=\"center\">Numar locuri<\/td><td class=\"has-text-align-center\" data-align=\"center\">Numar locuri pentru elevii rromi<\/td><td class=\"has-text-align-center\" data-align=\"center\">Numar locuri distrincte pentru elevii cu CES<\/td><td class=\"has-text-align-center\" data-align=\"center\">Denumirea operatorilor economici cu care sunt incheiate contracte-cadru pentru practica elevi<\/td><\/tr><tr><td class=\"has-text-align-center\" data-align=\"center\"><strong>Colegiul Economic &#8220;Viilor&#8221;<\/strong><\/td><td>Sos. Viilor nr.38,<br>sector 5<\/td><td>0213160973<\/td><td>Turism si alimentatie<\/td><td>Bucatar<\/td><td>601<\/td><td>1<\/td><td class=\"has-text-align-center\" data-align=\"center\">24<\/td><td class=\"has-text-align-center\" data-align=\"center\">2<\/td><td class=\"has-text-align-center\" data-align=\"center\">1<\/td><td class=\"has-text-align-center\" data-align=\"center\">ACCOR HOTELS ROMANIA-12;<br>SC H GRAND SRL-12<\/td><\/tr><\/tbody><\/table><figcaption class=\"wp-element-caption\">Coduri admitere clase profesionale<\/figcaption><\/figure>\n","protected":false},"excerpt":{"rendered":"<p>PROGRAM\u00ceNSCRIERE CANDIDA\u021aI \u00ceN \u00ceNV\u0102\u021a\u0102M\u00c2NTUL PROFESIONALPENTRU ANUL \u0218COLAR 2024 \u2013 2025 PERIOADA 1-5 IULIE 2024 Ziua Data Ora Luni 01.07.2024 15-18 Marti 02.07.2024 15-18 Miercuri 03.07.2024 09 \u2013 16 Joi 04.07.2024 15 \u2013 18 Vineri 05.07.2024 09 &#8211; 11 ADMITERE AN SCOLAR 2023 \u2013 2024 CLASA a IX-a LICEU SI SCOALA PROFESIONALA Cerere de inscriere Acte necesare Program inscrieri admitere FILIERA\/PROFIL\/DOMENIU PREGATIRII DE BAZA\/SPECIALIZARE Numar clase Numar total locuri Numar locuri pentru elevi rromi Nr locuri pentru elevii cu CES Media ultimului admis Codificare Observatii Colegiul Economic &#8220;Viilor&#8221; 16 384 32 10 Filiera tehnologica &#8211;Servicii-Turism si Alimentatie 9 216 18 5 6.50 362 3 tehnician in<a class=\"more-link\" href=\"https:\/\/colegiulviilor.ro\/?page_id=1319\">Read More &rarr;<\/a><\/p>\n","protected":false},"author":3,"featured_media":1069,"parent":0,"menu_order":0,"comment_status":"closed","ping_status":"closed","template":"","meta":{"footnotes":""},"class_list":["entry","author-vlad-cristescu","post-1319","page","type-page","status-publish","has-post-thumbnail"],"_links":{"self":[{"href":"https:\/\/colegiulviilor.ro\/index.php?rest_route=\/wp\/v2\/pages\/1319","targetHints":{"allow":["GET"]}}],"collection":[{"href":"https:\/\/colegiulviilor.ro\/index.php?rest_route=\/wp\/v2\/pages"}],"about":[{"href":"https:\/\/colegiulviilor.ro\/index.php?rest_route=\/wp\/v2\/types\/page"}],"author":[{"embeddable":true,"href":"https:\/\/colegiulviilor.ro\/index.php?rest_route=\/wp\/v2\/users\/3"}],"replies":[{"embeddable":true,"href":"https:\/\/colegiulviilor.ro\/index.php?rest_route=%2Fwp%2Fv2%2Fcomments&post=1319"}],"version-history":[{"count":19,"href":"https:\/\/colegiulviilor.ro\/index.php?rest_route=\/wp\/v2\/pages\/1319\/revisions"}],"predecessor-version":[{"id":2249,"href":"https:\/\/colegiulviilor.ro\/index.php?rest_route=\/wp\/v2\/pages\/1319\/revisions\/2249"}],"wp:featuredmedia":[{"embeddable":true,"href":"https:\/\/colegiulviilor.ro\/index.php?rest_route=\/wp\/v2\/media\/1069"}],"wp:attachment":[{"href":"https:\/\/colegiulviilor.ro\/index.php?rest_route=%2Fwp%2Fv2%2Fmedia&parent=1319"}],"curies":[{"name":"wp","href":"https:\/\/api.w.org\/{rel}","templated":true}]}}